factors of 24097074.
2, 3, 61, 65839
List the prime factors of 9391768.
2, 149, 7879
List the prime factors of 6324331.
13, 53, 67, 137
List the prime factors of 29063626.
2, 29, 79, 6343
What are the prime factors of 205730?
2, 5, 7, 2939
List the prime factors of 4484557.
7, 11, 139, 419
List the prime factors of 9579092.
2, 17, 140869
List the prime factors of 2499543.
3, 193, 1439
List the prime factors of 307781.
19, 97, 167
What are the prime factors of 89763?
3, 29921
List the prime factors of 7242033.
3, 23, 103, 1019
What are the prime factors of 9369308?
2, 13, 180179
What are the prime factors of 3308191?
487, 6793
List the prime factors of 202673.
19, 10667
What are the prime factors of 210676?
2, 31, 1699
What are the prime factors of 1960173?
3, 19, 3821
List the prime factors of 1023040.
2, 5, 23, 139
List the prime factors of 36024.
2, 3, 19, 79
What are the prime factors of 1176149?
13, 90473
List the prime factors of 18396113.
23, 31, 25801
What are the prime factors of 21262380?
2, 3, 5, 354373
What are the prime factors of 5144953?
11, 19, 103, 239
What are the prime factors of 143379?
3, 89, 179
List the prime factors of 4697911.
23, 157, 1301
List the prime factors of 1651657.
7, 235951
What are the prime factors of 85904?
2, 7, 13, 59
List the prime factors of 1693620.
2, 3, 5, 97
List the prime factors of 234914.
2, 73, 1609
List the prime factors of 8904551.
337, 26423
List the prime factors of 251465.
5, 19, 2647
List the prime factors of 216526.
2, 108263
What are the prime factors of 5882978?
2, 1217, 2417
What are the prime factors of 11520480?
2, 3, 5, 24001
List the prime factors of 4978989.
3, 61469
What are the prime factors of 16452659?
23, 521, 1373
What are the prime factors of 95894?
2, 47947
What are the prime factors of 283723?
11, 25793
List the prime factors of 31765.
5, 6353
What are the prime factors of 7931437?
7931437
List the prime factors of 332637.
3, 110879
What are the prime factors of 3327394?
2, 7, 19, 1787
What are the prime factors of 13028348?
2, 751, 4337
List the prime factors of 215737.
215737
What are the prime factors of 324433?
41, 193
List the prime factors of 4147795.
5, 19, 43661
What are the prime factors of 5971837?
37, 103, 1567
What are the prime factors of 463589?
7, 9461
List the prime factors of 578504.
2, 72313
What are the prime factors of 1749189?
3, 13, 44851
List the prime factors of 237166.
2, 118583
What are the prime factors of 209115?
3, 5, 1549
List the prime factors of 100056.
2, 3, 11, 379
List the prime factors of 429418.
2, 11, 131, 149
What are the prime factors of 83545?
5, 7, 11, 31
List the prime factors of 972550.
2, 5, 53, 367
What are the prime factors of 175562?
2, 41, 2141
What are the prime factors of 42787534?
2, 21393767
List the prime factors of 3504606.
2, 3, 7, 83443
What are the prime factors of 176307?
3, 17, 3457
List the prime factors of 215688.
2, 3, 11, 19, 43
What are the prime factors of 1989712?
2, 37, 3361
What are the prime factors of 166462?
2, 83231
What are the prime factors of 1871454?
2, 3, 13, 23993
List the prime factors of 10124060.
2, 5, 53, 9551
What are the prime factors of 5041195?
5, 1008239
List the prime factors of 4993603.
4993603
List the prime factors of 64469.
23, 2803
List the prime factors of 7029917.
7029917
List the prime factors of 4861.
4861
What are the prime factors of 1867402?
2, 53, 79, 223
What are the prime factors of 1491201?
3, 223, 743
List the prime factors of 314796.
2, 3, 37, 709
What are the prime factors of 140740?
2, 5, 31, 227
What are the prime factors of 3251239?
61, 53299
What are the prime factors of 26254122?
2, 3, 4375687
List the prime factors of 2279419.
2279419
What are the prime factors of 914167?
29, 1087
List the prime factors of 30608443.
257, 119099
List the prime factors of 407701.
7, 58243
List the prime factors of 25145.
5, 47, 107
What are the prime factors of 2385118?
2, 1192559
What are the prime factors of 480772?
2, 120193
What are the prime factors of 1399215?
3, 5, 93281
List the prime factors of 790040.
2, 5, 19751
List the prime factors of 1457335.
5, 11, 26497
List the prime factors of 11565497.
37, 312581
List the prime factors of 4382883.
3, 271, 599
What are the prime factors of 790720?
2, 5, 7, 353
List the prime factors of 1172188.
2, 131, 2237
What are the prime factors of 400551?
3, 31, 59, 73
What are the prime factors of 1292673?
3, 430891
What are the prime factors of 717366?
2, 3, 13, 17, 541
List the prime factors of 1492701.
3, 7, 71081
What are the prime factors of 131656?
2, 7, 2351
List the prime factors of 446991.
3, 148997
What are the prime factors of 2081910?
2, 3, 5, 29, 2393
List the prime factors of 10688551.
107, 191, 523
What are the prime factors of 307481?
307481
List the prime factors of 5974384.
2, 13, 28723
What are the prime factors of 3293438?
2, 1646719
List the prime factors of 1143452.
2, 179, 1597
What are the prime factors of 3314737?
23, 31, 4649
What are the prime factors of 531199?
17, 31247
What are the prime factors of 844605?
3, 5, 137
What are the prime factors of 7748090?
2, 5, 7, 17, 383
List the prime factors of 83311.
83311
What are the prime factors of 241739?
241739
List the prime factors of 8258540.
2, 5, 19, 103, 211
List the prime factors of 36062716.
2, 37, 139, 1753
What are the prime factors of 2458330?
2, 5, 7, 29, 173
List the prime factors of 8053002.
2, 3, 17, 26317
What are the prime factors of 314789?
17, 18517
What are the prime factors of 852532?
2, 213133
List the prime factors of 1580974.
2, 23, 34369
What are the prime factors of 7784035?
5, 7, 29, 7669
List the prime factors of 198802.
2, 99401
List the prime factors of 593029.
593029
What are the prime factors of 473202?
2, 3, 23, 127
What are the prime factors of 4084804?
2, 61, 16741
What are the prime factors of 168607?
139, 1213
What are the prime factors of 2455414?
2, 13, 94439
List the prime factors of 1214983.
7, 11, 31, 509
List the prime factors of 1130155.
5, 13, 17387
What are the prime factors of 423531?
3, 47059
List the prime factors of 2982010.
2, 5, 298201
List the prime factors of 188997.
3, 73, 863
What are the prime factors of 483806?
2, 241903
What are the prime factors of 5895251?
5895251
List the prime factors of 3946726.
2, 7, 29, 9721
What are the prime factors of 4434?
2, 3, 739
List the prime factors of 3163405.
5, 7, 19, 67, 71
What are the prime factors of 1254080?
2, 5, 3919
List the prime factors of 619920.
2, 3, 5, 7, 41
What are the prime factors of 477910?
2, 5, 47791
List the prime factors of 697599.
3, 7, 3691
List the prime factors of 10408775.
5, 13, 32027
List the prime factors of 10879586.
2, 5439793
What are the prime factors of 842512?
2, 11, 4787
List the prime factors of 9928126.
2, 13, 383, 997
List the prime factors of 228289.
167, 1367
What are the prime factors of 9102730?
2, 5, 7, 13, 1429
List the prime factors of 6981820.
2, 5, 31, 11261
What are the prime factors of 361269?
3, 137, 293
What are the prime factors of 2477936?
2, 154871
What are the prime factors of 1447820?
2, 5, 11, 6581
What are the prime factors of 46606?
2, 7, 3329
List the prime factors of 1155771.
3, 53, 2423
List the prime factors of 9206583.
3, 19, 8501
List the prime factors of 79079.
7, 11, 13, 79
What are the prime factors of 19438661?
11, 79, 22369
List the prime factors of 965910.
2, 3, 5, 11, 2927
What are the prime factors of 266875?
5, 7, 61
What are the prime factors of 20380845?
3, 5, 47, 28909
List the prime factors of 846532.
2, 17, 59, 211
What are the prime factors of 29952307?
7, 11, 388991
List the prime factors of 2310970.
2, 5, 19, 12163
List the prime factors of 873751.
41, 101, 211
List the prime factors of 204223.
443, 461
List the prime factors of 437679.
3, 11, 4421
What are the prime factors of 373632?
2, 3, 7, 139
List the prime factors of 16581639.
3, 5527213
List the prime factors of 211918.
2, 7, 15137
What are the prime factors of 724023?
3, 80447
What are the prime factors of 219100?
2, 5, 7, 313
List the prime factors of 4607151.
3, 1535717
What are the prime factors of 1423763?
11, 71, 1823
What are the prime factors of 255544?
2, 17, 1879
List the prime factors of 4797511.
4797511
List the